d**2 + 12*d**2 + 3 - 2*d. List the prime factors of k(1).
2
Suppose -77*v + 34*v = 33*v - 252776. List the prime factors of v.
2, 1663
Suppose 26171 = 5*b - 3*s, -3*b + 21237 - 5546 = 4*s. What are the prime factors of b?
5233
List the prime factors of 10 + -16 + (25979 - (-16)/(-8)).
3, 11, 787
Suppose -7*a - 16 = -11*a. Suppose -l + 138 = 4*s, 8*l + 3*s - 604 = a*l. What are the prime factors of l?
2, 7, 11
Suppose -20 + 597 = 3*x + 4*s, -s = -x + 197. Suppose v = -2*a + x, 3*a + 13 = -5*v + 981. List the prime factors of v.
193
List the prime factors of (-23)/207 + ((-25921)/(-9) - 3).
3, 7, 137
Suppose 15*z + 175 = 22*z. Let f = z - 16. List the prime factors of ((-3)/3 + 89)/(6/f).
2, 3, 11
Suppose 7*p + 5*a = 2*p - 70, -3*a = -4*p - 77. Let m(l) = 2*l**3 + 35*l**2 - 35*l + 48. List the prime factors of m(p).
2, 233
Let h(t) be the third derivative of t**5/10 - t**3/3 + 2*t**2 - 18. List the prime factors of h(-6).
2, 107
Let k be (2 - (-8)/(-3)) + 85/15. Suppose -k*z - 609 = -4*r, 4*r + 5*z - 559 = -0*z. What are the prime factors of r?
2, 73
Let l(t) = 666*t**2 - 78*t + 375. List the prime factors of l(7).
3, 3607
List the prime factors of 2*(-6)/(-90)*-5*-22203.
2, 3, 2467
Suppose -z + 495018 = 177*z. What are the prime factors of z?
3, 103
Suppose -4*v + 84227 = -23212 - 58161. What are the prime factors of v?
2, 3, 5, 23
List the prime factors of 12861/3 - 138/(5 + 18).
3, 1427
Suppose 0 = 5*z + 4*g - 467, 0*z + 471 = 5*z + 2*g. Let a = -21 - z. Let u = 235 + a. What are the prime factors of u?
7, 17
List the prime factors of 126728914/1956 + 1/6 + 0.
2, 5, 11, 19, 31
Suppose 3*a - 22*a = -399. List the prime factors of 1/a*-3 + 2899/7.
2, 3, 23
Suppose -4*v - j + 43 = 0, 5*j = 2*v + 2*j - 25. Suppose v*x + 180 = 15*x. List the prime factors of x.
3, 5
Let c(a) = 3092*a - 5401. List the prime factors of c(11).
3, 11, 17
Let z(h) = 11*h**2 - 9*h - 42. Let f be z(-7). Suppose -g - f = -17*g. List the prime factors of g.
5, 7
Suppose -c = -0*c. Suppose c*m + 5*m + 5*f - 25 = 0, 0 = 2*m - 4*f - 4. Suppose 4*p - 335 = -5*q + p, 2*q + m*p = 134. What are the prime factors of q?
67
Let v = 8141 - -10160. List the prime factors of v.
18301
Let i be 1 + 56 + (-4 - -5). Let b(k) = -9*k + 16. Let c be b(8). Let a = c + i. What are the prime factors of a?
2
Let w(a) = 4*a**2 + 2*a + 1. Let t = -98 - -97. Let u be w(t). Suppose u*l + 300 = 2*o, 4*l + 506 = 4*o - 90. What are the prime factors of o?
3, 7
Let s = -30922 - -45674. List the prime factors of s.
2, 461
Let v(w) = 81*w**2 - 7*w + 36. What are the prime factors of v(-7)?
2, 2027
Let i = 7348 + -2409. List the prime factors of i.
11, 449
Let b = 495 - 424. Suppose -5*h + 0*r + 110 = -5*r, 76 = 3*h - 5*r. Let a = b - h. What are the prime factors of a?
2, 3
Suppose 2*i + 4*z + 108 = 0, 0*i + 3*i + 192 = 4*z. Let c = -277 + 396. Let l = c + i. What are the prime factors of l?
59
Let u = 1869 - -832. What are the prime factors of u?
37, 73
Let o(y) be the second derivative of 47*y**5/120 - y**4/12 - 5*y**3/2 - 4*y. Let m(h) be the second derivative of o(h). List the prime factors of m(2).
2, 23
Suppose -l - l = -5*x - 23722, -5*l - 5*x = -59235. What are the prime factors of l?
7, 1693
Suppose 0 = 165*y - 182*y + 89811. List the prime factors of y.
3, 587
Suppose 0 = 2*o + j - 68, -4*o + 3*j = 7*j - 136. Let p = -30 + o. Suppose -2*m + m = p*x - 271, -267 = -4*x - 5*m. List the prime factors of x.
2, 17
Let m = 133 + 454. Suppose 2*f = x + 169, 3*x = -4*f + 110 - m. Let p = 254 + x. What are the prime factors of p?
7, 13
Suppose 2*b + 2*b = 20. Suppose 7*q = -b*a + 2*q - 295, 3*a - q = -173. Let g = -12 - a. List the prime factors of g.
2, 23
Let h = -204 - -208. Suppose -y + 40 = -h*l - 48, y = -2*l + 64. List the prime factors of y.
2, 3
Suppose 3*p = -p - 3*z + 12, 0 = 5*z. Suppose y = -p*s + 78, 2*y + 87 = -s + 4*s. Suppose 6 = 3*l, -s = -u + l + 10. List the prime factors of u.
3, 13
Let h be 1/(1/5*3/186). Suppose 0 = -10*a + 650 + h. List the prime factors of a.
2, 3
Let b be (-3*(-2)/(-12))/(1/36). Let d be (-4683)/b - 1/6. Let f = d + -173. List the prime factors of f.
3, 29
Let b = 18358 - 8269. What are the prime factors of b?
3, 19, 59
Let u be -82*(-4 - 522/12). Suppose -2*z - u = -21*z. List the prime factors of z.
5, 41
Let d be (-3)/1 - (7 + 12). Let s be (0 - d)*9/18. Suppose -84 = -s*j + 1258. What are the prime factors of j?
2, 61
Suppose 0 = 5*o + h - 142348, 28*o - 24*o + 2*h - 113882 = 0. List the prime factors of o.
7, 83
What are the prime factors of (-6 - 150/(-24)) + -2*91982/(-16)?
2, 5749
Let x = 5989 - 2408. What are the prime factors of x?
3581
What are the prime factors of 27/3 + 3 + -11 + 1602*7?
5, 2243
Let p(f) = -10*f + 16*f**2 + 8*f - 437 + 444. List the prime factors of p(4).
3, 5, 17
Let c(o) = 36*o**2 + 56*o - 61. List the prime factors of c(-31).
3, 13, 29
Let l(y) = 1276*y**2 - 2696*y + 3. What are the prime factors of l(6)?
3, 3307
Let i(x) = x**3 + 33*x**2 + 46*x + 60. Let j = 131 - 162. List the prime factors of i(j).
2, 139
Let n(r) = 239*r**2 + 185*r + 1050. List the prime factors of n(-6).
2, 3, 89
Let r be (-3837)/9 - 6/(-18). Let u = r + 1061. List the prime factors of u.
5, 127
Suppose 15*k - 7*k - 552 = 0. Let u = 1151 - k. What are the prime factors of u?
2, 541
Suppose 4*k + 29 = 5*x, -4*k - 11 = -4*x + 13. Suppose t = -5*l + 137, 5*t = -x*l + 197 - 52. What are the prime factors of l?
3
Let i(n) = 6657*n**2 - 79*n - 3. What are the prime factors of i(-2)?
26783
Let m = 656 + 24. What are the prime factors of m?
2, 5, 17
Let u(v) be the first derivative of 2*v**3 + 4*v**2 - 6*v + 61. Suppose 3*n - w - 3*w = -31, 4*n = w - 24. What are the prime factors of u(n)?
2, 13
Suppose 328 - 332 = 2*v, 0 = 5*b + 5*v - 93985. What are the prime factors of b?
11, 1709
Suppose 54*d - 25679 - 86641 = 0. List the prime factors of d.
2, 5, 13
Let p(c) = 17*c**2 - 21*c - 8. Let d be p(6). Let a = -105 + d. List the prime factors of a.
373
Let p = 18153 + -11578. What are the prime factors of p?
5, 263
Let q(d) = -2*d**2 - 19*d + 16. Let f be q(-10). Suppose 5*g - 5*r = 10, -r + f*r + 10 = 0. Let a(v) = -v**2 - 2*v + 152. List the prime factors of a(g).
2, 19
Let o(j) = -220*j - 481. What are the prime factors of o(-22)?
3, 1453
Let v = -277 + 853. Suppose 0 = -4*x + v + 1080. What are the prime factors of x?
2, 3, 23
What are the prime factors of (4/(-44) - 4/(-44)) + 10365?
3, 5, 691
Let i be (-82 - -4)/(12/(-88)). Let r = -241 + i. List the prime factors of r.
331
Suppose -5*x = p - 78676, -4*x - 12*p + 62939 = -13*p. List the prime factors of x.
3, 5, 1049
Let h = 2249 - -4749. List the prime factors of h.
2, 3499
What are the prime factors of ((-36619)/(-11))/(1/6*3)?
2, 3329
Let u(a) = -6*a**2 - 25*a + 50. Let s be u(2). Let r(k) = -k**3 - 25*k**2 - 58*k - 58. List the prime factors of r(s).
2, 379
Let i be 3 - (0 + 3 - 5). Suppose -i*o = -8*o - 15624. What are the prime factors of -3*(2/7)/(18/o)?
2, 31
Let x be 1 + -1*(-3 + 4). Let c be 1*((x - 4) + -3). Let p(i) = i**2 - 2*i + 9. What are the prime factors of p(c)?
2, 3
Suppose v - 4*u + 16 = -3*v, 0 = -3*v - u - 20. Let s be 0*((-36)/(-8))/9 + v. List the prime factors of s/10 - 69/(-15) - -115.
7, 17
Let t(d) be the second derivative of 11*d**6/720 + d**5/4 + d**4 + 32*d. Let c(m) be the third derivative of t(m). List the prime factors of c(18).
2, 3, 19
Suppose 24*k = -34*k + 52*k + 3822. What are the prime factors of k?
7, 13
Let y(b) be the second derivative of -b**3/3 - 9*b**2/2 + b. Let n be (117/65)/((-12)/80). List the prime factors of y(n).
3, 5
Let m(w) = -136*w**3 + w**2 + 2*w + 1. Let d(i) = -2*i**2 - 29*i + 4*i**2 - i**2 - 9 + 36*i. Let j be d(-8). List the prime factors of m(j).
2, 17
Let x(s) = 147*s - 8. Let f be x(2). Suppose 4*y - 19 = 1, -2*t - 5*y = -351. Let z = f - t. List the prime factors of z.
3, 41
Let x(s) = 1351*s - 321. List the prime factors of x(2).
2381
Suppose 7656 - 1219 = 41*u. Suppose -792 = -166*l + u*l. List the prime factors of l.
2, 11
Let k(p) = 3*p**3 - 6*p**2 - 21*p + 17. Let d be k(8). Let b = d - 100. List the prime factors of b.
17, 53
Suppose 32*m + 4345 = 43*m. Suppose 393*o + 1370 = m*o. What are the prime factors of o?
5, 137
Let x(t) = t**2 - 